{"id":57,"date":"2024-01-28T23:56:16","date_gmt":"2024-01-28T23:56:16","guid":{"rendered":"https:\/\/schaanning.dk\/wordpress\/?page_id=57"},"modified":"2024-02-05T06:11:22","modified_gmt":"2024-02-05T06:11:22","slug":"introduction","status":"publish","type":"page","link":"https:\/\/schaanning.dk\/wordpress\/introduction\/","title":{"rendered":"Introduktion til min blog."},"content":{"rendered":"\n<p>Med denne blog, vil jeg dele beskrivelser fra mine mange vandre og E-mtb cykelture, som jeg har v\u00e6ret p\u00e5 de sidste ca. 20 \u00e5r. E-mtb turene er jeg dog f\u00f8rst startet p\u00e5 i sommeren 2020. De fleste af mine ture foreg\u00e5r her i Danmark, med udgangspunkt fra Randers omr\u00e5det, hvor jeg bor sammen med min kone. Men selv om de fleste ture foreg\u00e5r i \u00d8stjylland, s\u00e5 har jeg ogs\u00e5 v\u00e6ret p\u00e5 mange andre ture, specielt i Jylland. Jeg har ogs\u00e5 v\u00e6ret p\u00e5 mange sommerferier og efter\u00e5rsferier i specielt \u00d8strig, og ofte i Oetztal regionen i Tirol, hvor jeg har haft over 100 overnatninger i byen Oetz, hvilket har givet mig et indg\u00e5ende kendskab til mange vandre og cykel ruter i dette omr\u00e5de. Men jeg har ogs\u00e5 rejst i mange andre dele af \u00d8strig samt i den tyske del af Alperne.<\/p>\n\n\n\n<p>Her under har jeg n\u00e6vnt nogle af de hoved emner, som jeg vil fort\u00e6lle om p\u00e5 denne blog.<\/p>\n\n\n\n<p>1. Mine vandre og E-mtb cykelture i Danmark.<\/p>\n\n\n\n<p>2. Mine vandre og E-mtb cykelture i Oetztal i \u00d8strig.<\/p>\n\n\n\n<p>3. Mine vandre og E-mtb cykelture i det \u00f8vrige \u00d8strig samt i den tyske del af alperne.<\/p>\n\n\n\n<p>4. Lidt om de byer jeg har boet i, n\u00e5r jeg har v\u00e6ret p\u00e5 ferie, og som jeg kan anbefale som udgangspunkt for mange gode vandre og E-mtb cykelture.<\/p>\n\n\n\n<p>5. Lidt om min E-mtb samt dens udstyr. <\/p>\n\n\n\n<p>H\u00e5ber dette vil v\u00e6re med til at inspirerer dig som l\u00e6ser, til at f\u00e5 id\u00e9er til dine egne ture. Der venter en masse gode oplevelser der ude.<\/p>\n","protected":false},"excerpt":{"rendered":"<p>Med denne blog, vil jeg dele beskrivelser fra mine mange vandre og E-mtb cykelture, som jeg har v\u00e6ret p\u00e5 de sidste ca. [&hellip;]<\/p>\n","protected":false},"author":1,"featured_media":0,"parent":0,"menu_order":0,"comment_status":"closed","ping_status":"closed","template":"","meta":{"footnotes":""},"class_list":{"0":"post-57","1":"page","2":"type-page","3":"status-publish","5":"col-md-6 col-sm-6"},"_links":{"self":[{"href":"https:\/\/schaanning.dk\/wordpress\/wp-json\/wp\/v2\/pages\/57","targetHints":{"allow":["GET"]}}],"collection":[{"href":"https:\/\/schaanning.dk\/wordpress\/wp-json\/wp\/v2\/pages"}],"about":[{"href":"https:\/\/schaanning.dk\/wordpress\/wp-json\/wp\/v2\/types\/page"}],"author":[{"embeddable":true,"href":"https:\/\/schaanning.dk\/wordpress\/wp-json\/wp\/v2\/users\/1"}],"replies":[{"embeddable":true,"href":"https:\/\/schaanning.dk\/wordpress\/wp-json\/wp\/v2\/comments?post=57"}],"version-history":[{"count":3,"href":"https:\/\/schaanning.dk\/wordpress\/wp-json\/wp\/v2\/pages\/57\/revisions"}],"predecessor-version":[{"id":152,"href":"https:\/\/schaanning.dk\/wordpress\/wp-json\/wp\/v2\/pages\/57\/revisions\/152"}],"wp:attachment":[{"href":"https:\/\/schaanning.dk\/wordpress\/wp-json\/wp\/v2\/media?parent=57"}],"curies":[{"name":"wp","href":"https:\/\/api.w.org\/{rel}","templated":true}]}}